
Is 150 a factor of 78450?
True
Does 76 divide 1976?
True
Is 2430 a multiple of 18?
True
Does 9 divide 8550?
True
Is 398 a multiple of 21?
False
Is 24 a factor of 12281?
False
Is 5862 a multiple of 40?
False
Is 10 a factor of 737?
False
Does 8 divide 2400?
True
Is 87 a multiple of 8?
False
Is 763 a multiple of 13?
False
Does 16 divide 4777?
False
Is 11 a factor of 2871?
True
Is 39168 a multiple of 34?
True
Is 4 a factor of 6286?
False
Does 10 divide 339?
False
Is 27 a factor of 945?
True
Is 27 a factor of 3539?
False
Does 47 divide 7050?
True
Is 261 a multiple of 35?
False
Is 10 a factor of 151?
False
Is 95 a factor of 760?
True
Is 69 a factor of 2512?
False
Does 4 divide 340?
True
Does 8 divide 392?
True
Is 44 a factor of 3140?
False
Is 14 a factor of 881?
False
Is 86885 a multiple of 30?
False
Is 1561 a multiple of 7?
True
Is 879 a multiple of 16?
False
Does 33 divide 396?
True
Does 16 divide 66590?
False
Is 13 a factor of 6864?
True
Does 18 divide 20700?
True
Is 144 a multiple of 16?
True
Is 24 a factor of 13791?
False
Does 18 divide 1911?
False
Is 15781 a multiple of 56?
False
Is 32 a factor of 21020?
False
Does 2 divide 14?
True
Is 10579 a multiple of 9?
False
Is 59 a factor of 26783?
False
Does 42 divide 3082?
False
Does 219 divide 7147?
False
Is 13 a factor of 1188?
False
Is 10 a factor of 195?
False
Is 9 a factor of 1071?
True
Is 18 a factor of 8510?
False
Is 608 a multiple of 2?
True
Is 31 a factor of 580?
False
Is 12 a factor of 972?
True
Does 127 divide 22857?
False
Does 38 divide 9048?
False
Does 51 divide 408?
True
Does 9 divide 10710?
True
Is 3172 a multiple of 13?
True
Is 39232 a multiple of 48?
False
Is 8 a factor of 2888?
True
Does 7 divide 113645?
True
Is 10665 a multiple of 79?
True
Is 1605 a multiple of 23?
False
Is 28249 a multiple of 13?
True
Is 34 a factor of 3855?
False
Is 24 a factor of 50208?
True
Does 11 divide 1477?
False
Is 11954 a multiple of 43?
True
Is 950 a multiple of 50?
True
Does 76 divide 2931?
False
Is 23081 a multiple of 9?
False
Is 27 a factor of 615?
False
Does 2 divide 236?
True
Is 41 a factor of 391?
False
Is 26582 a multiple of 40?
False
Is 612 a multiple of 28?
False
Is 842 a multiple of 25?
False
Is 13 a factor of 8866?
True
Does 15 divide 187?
False
Is 147 a multiple of 49?
True
Is 2686 a multiple of 34?
True
Is 17 a factor of 9386?
False
Does 39 divide 2301?
True
Does 10 divide 9136?
False
Does 119 divide 1271?
False
Does 6 divide 603?
False
Is 6 a factor of 2076?
True
Is 6 a factor of 1108?
False
Does 51 divide 816?
True
Does 10 divide 900?
True
Does 26 divide 1898?
True
Does 13 divide 21528?
True
Is 17408 a multiple of 64?
True
Does 26 divide 52739?
False
Is 2838 a multiple of 66?
True
Is 144 a multiple of 6?
True
Is 170 a multiple of 4?
False
Is 3881 a multiple of 5?
False
Is 42 a factor of 546?
True
Does 37 divide 4675?
False
Is 4 a factor of 1982?
False
Is 5814 a multiple of 171?
True
Is 864 a multiple of 26?
False
Is 146 even?
True
Does 3 divide 585?
True
Is 6 a factor of 330?
True
Is 15 a multiple of 3?
True
Is 86 a factor of 11643?
False
Is 384 a multiple of 5?
False
Does 7 divide 320?
False
Is 17 a factor of 57783?
True
Is 85 a factor of 11714?
False
Is 10215 a multiple of 108?
False
Does 25 divide 507?
False
Is 40 a factor of 28640?
True
Does 5 divide 1544?
False
Does 4 divide 88?
True
Does 34 divide 1428?
True
Does 16 divide 300?
False
Is 14 a factor of 5324?
False
Does 24 divide 19896?
True
Is 14 a factor of 1414?
True
Does 14 divide 3090?
False
Is 2652 a multiple of 39?
True
Does 2 divide 31548?
True
Is 36768 a multiple of 8?
True
Is 6 a factor of 141?
False
Is 29 a factor of 347?
False
Does 14 divide 490?
True
Is 200 a multiple of 2?
True
Is 2363 a multiple of 139?
True
Is 28613 a multiple of 112?
False
Does 18 divide 40230?
True
Is 17222 a multiple of 84?
False
Is 152 a factor of 11618?
False
Is 98 a multiple of 49?
True
Does 12 divide 156?
True
Is 60 a factor of 3693?
False
Is 45 a factor of 810?
True
Is 20 a factor of 18716?
False
Is 234 a multiple of 13?
True
Does 26 divide 807?
False
Is 17 a factor of 1258?
True
Does 40 divide 1562?
False
Does 9 divide 3644?
False
Does 79 divide 14373?
False
Is 10 a factor of 997?
False
Is 1919 a multiple of 14?
False
Is 7 a factor of 455?
True
Does 10 divide 860?
True
Is 8 a factor of 12?
False
Does 34 divide 3413?
False
Does 41 divide 2706?
True
Is 20 a factor of 6960?
True
Is 10 a factor of 760?
True
Is 113 a multiple of 3?
False
Is 480 a multiple of 30?
True
Does 159 divide 954?
True
Does 3 divide 8568?
True
Is 4 a factor of 4744?
True
Is 16 a factor of 1217?
False
Is 373 a multiple of 21?
False
Is 93375 a multiple of 45?
True
Does 105 divide 6856?
False
Does 5 divide 230?
True
Is 689 a multiple of 53?
True
Is 5 a factor of 211?
False
Does 6 divide 5352?
True
Is 49 a factor of 245?
True
Does 19 divide 35?
False
Is 1810 a multiple of 10?
True
Is 207 a multiple of 29?
False
Does 178 divide 99572?
False
Is 11 a factor of 1837?
True
Does 3 divide 294?
True
Is 29 a factor of 1740?
True
Is 6 a factor of 790?
False
Does 14 divide 2088?
False
Is 8 a factor of 10000?
True
Is 46 a factor of 303?
False
Is 16 a factor of 2752?
True
Does 21 divide 2308?
False
Is 5824 a multiple of 13?
True
Is 6131 a multiple of 25?
False
Is 114 a multiple of 7?
False
Is 1505 a multiple of 43?
True
Does 58 divide 903?
False
Is 15 a factor of 690?
True
Is 11012 a multiple of 17?
False
Does 11 divide 717?
False
Does 41 divide 17891?
False
Does 36 divide 2304?
True
Is 528 a multiple of 3?
True
Is 145 a factor of 93306?
False
Does 23 divide 460?
True
Is 68 a factor of 1020?
True
Is 16 a factor of 13376?
True
Does 62 divide 20460?
True
Is 900 a multiple of 36?
True
Does 6 divide 902?
False
Does 13 divide 624?
True
Is 25774 a multiple of 14?
True
Is 49 a factor of 6566?
True
Is 12507 a multiple of 43?
False
Is 79 a factor of 2817?
False
Is 9 a factor of 4585?
False
Does 119 divide 5198?
False
Is 55 a multiple of 4?
False
Does 20 divide 1220?
True
Does 10 divide 7010?
True
Is 34097 a multiple of 22?
False
Is 8 a factor of 166?
False
Does 238 divide 39270?
True
Is 109 a factor of 43055?
True
Does 8 divide 318?
False
Is 67 a factor of 7071?
False
Is 17 a multiple of 9?
False
Does 38 divide 44?
False
Is 25362 a multiple of 41?
False
Is 240 a multiple of 17?
False
Is 402 a factor of 93827?
False
Does 100 divide 13316?
False
Is 6 a factor of 923?
False
Does 14 divide 24037?
False
Is 77 a factor of 1848?
True
Is 8 a factor of 2932?
False
Is 12 a factor of 1464?
True
Does 7 divide 570?
False
Does 189 divide 21357?
True
Is 12 a factor of 21308?
False
Is 745 a multiple of 14?
False
Is 8 a factor of 249?
False
Is 136 a multiple of 4?
True
Is 1376 a multiple of 16?
True
Is 16 a factor of 366?
False
Is 24 a factor of 767?
False
Is 93 a factor of 11480?
False
Does 68 divide 1366?
False
Does 4 divide 313?
False
Is 50 a factor of 3874?
False
Is 88 a factor of 35816?
True
Is 12 a factor of 48?
True
Does 10 divide 950?
True
Does 25 divide 4434?
False
Is 70193 a multiple of 60?
False
Does 219 divide 9417?
True
Does 10 divide 320?
True
Does 14 divide 1439?
False
Is 382 a multiple of 2?
True
Is 212 a multiple of 6?
False
Is 3 a factor of 4116?
True
Does 3 divide 87?
True
Does 2 divide 4?
True
Is 2340 a multiple of 30?
True
Is 39 a factor of 11544?
True
Does 3 divide 17304?
True
Is 1309 a multiple of 7?
True
Is 4072 a multiple of 51?
False
Is 12 a factor of 588?
True
Does 152 divide 57286?
False
Is 22 a factor of 33468?
False
Is 7130 a multiple of 9?
False
Does 52 divide 14290?
False
Is 6860 a multiple of 14?
True
Does 2 divide 344?
True
Is 2241 a multiple of 83?
True
Is 48978 a multiple of 172?
False
Is 67 a factor of 123?
False
Does 93 divide 722?
False
Does 335 divide 38130?
False
Is 17 a factor of 5988?
False
Is 12572 a multiple of 14?
True
Is 1408 a multiple of 32?
True
Does 42 divide 3738?
True
Does 35 divide 1435?
True
Is 101 a factor of 8989?
True
Is 25520 a multiple of 58?
True
Is 54513 a multiple of 39?
False
Is 8 a factor of 10073?
False
Is 77858 a multiple of 20?
False
Does 22 divide 9098?
False
Is 674 a multiple of 35?
False
Is 3 a factor of 6480?
True
Does 30 divide 16578?
False
Does 6 divide 186?
True
Does 5 divide 19225?
True
Does 27 divide 47990?
False
Is 3276 a multiple of 4?